x + 4 - 1 = 0, 5*p + 5*x = 0. Let h be 4 + 18 + 1 + p. Suppose -2 = l - h. What is the highest common factor of 5 and l?
5
Suppose -3*d - 2*m + 29 = 0, -4*d = 3*m + 7 - 46. Let f = d + -2. Calculate the greatest common divisor of f and 14.
7
Let b(r) = r**2 + 11*r + 2. Let q be b(-13). Calculate the highest common divisor of 140 and q.
28
Let k be (-5)/(-10)*12/2. Suppose 3*t + 0*t + 180 = k*a, -a + 60 = -4*t. What is the highest common factor of a and 24?
12
Suppose -10*w = -18*w + 120. What is the greatest common factor of 165 and w?
15
Let x(q) = 3*q**2 + 48*q + 16. Let a be x(-19). Let r be 134/8 + 2/8. What is the greatest common divisor of a and r?
17
Let n(s) = s**3 + 6*s**2 + s + 5. Let m be n(-5). What is the greatest common divisor of m and 100?
25
Let c = 9 + -6. Let j be 36/(-10)*60/(-9). Suppose 6*l - j = 2*l. What is the highest common factor of c and l?
3
Let h = -36 + 61. What is the greatest common divisor of h and 125?
25
Let d be -3*7/(-3) + 1. Let u be (4/12)/((-3)/(-513)). Suppose 111 + u = 3*s. What is the greatest common factor of s and d?
8
Suppose 0 = 5*z - 4*z - 160. Suppose z + 5 = 3*o. Calculate the greatest common divisor of o and 11.
11
Suppose h + 5 = 3*v, -5*v = 5*h - 3*v + 25. Let x = h + 12. Let s = x - 3. Calculate the greatest common factor of 2 and s.
2
Suppose 0 = -2*z + 7 - 1. Let q be 4/6*87/2. Suppose -z*g - 2 = -q. Calculate the greatest common divisor of g and 6.
3
Let p = 67 - 66. What is the highest common factor of p and 7?
1
Let j = -20 + 35. What is the greatest common factor of j and 60?
15
Let y(i) = 63*i + 2. Let o be y(1). What is the highest common divisor of 13 and o?
13
Let j(v) = -v**2 - 2*v + 4. Let i be j(-3). Let z(f) = 22*f**2. Let c be z(i). Calculate the highest common divisor of 11 and c.
11
Suppose 4*r = r - 9. Let d(t) = -2*t - t - 1 + 2*t. Let h be d(r). Calculate the greatest common divisor of 1 and h.
1
Let r(v) = 4*v**2 - v - 1. Let x be r(2). Let a = -13 + 35. Let d = a - x. What is the highest common factor of 3 and d?
3
Let k = 43 - 23. What is the highest common divisor of 10 and k?
10
Let y = 13 + -6. Let s = -8 - -18. Suppose 5*p - s = 0, 262 = 5*i - 2*p - 119. Calculate the greatest common factor of y and i.
7
Let a(w) = -w**3 - 19*w**2 - 6*w - 27. Let m be a(-19). What is the highest common factor of m and 29?
29
Suppose -8*c = -10*c + 16. Let f(p) = -p**3 + 8*p**2 + 7*p - 12. Let x be f(c). What is the greatest common divisor of 4 and x?
4
Suppose 0 = -g + 3*f, 4 = -g - 2*f + 29. What is the highest common divisor of 105 and g?
15
Suppose 0 = 2*u + 14 - 60. Let p(z) = z**2 + z + 207. Let o be p(0). Calculate the highest common factor of u and o.
23
Let d be 2/(((-5)/3)/5). Let r be 9 + 2 + (d - -2). Calculate the highest common divisor of r and 7.
7
Let x = -39 + 45. Calculate the highest common divisor of x and 9.
3
Suppose -n + 53 = 4*q, 102 = 4*n - q - 93. Let p = -34 + n. Calculate the greatest common factor of p and 150.
15
Let b(i) = i**2 + 7*i + 12. Let a be b(-7). What is the highest common divisor of a and 48?
12
Let v be (-964)/(-10) - 4/10. Let l = 17 - 8. Let r = 3 + l. What is the highest common factor of r and v?
12
Let k = -8 + 13. Suppose -7*d + 4 = -k*d. Calculate the highest common factor of 16 and d.
2
Suppose -4*q + 5*y + 85 = 0, 5*y = 3*y - 2. Calculate the highest common factor of 4 and q.
4
Let n(d) = -d**2 + 12*d + 4. Let q be n(6). Let w be q/6*12/10. Suppose 3*b + 104 - 119 = 0, 0 = 2*x - 2*b - 6. What is the greatest common factor of w and x?
8
Let k = 6 - 2. Suppose x + 2*x = 2*b, -k*x = 5*b. Suppose x = -4*v + 5*f + 47, -12 = -v + 5*f + 11. Calculate the highest common factor of 32 and v.
8
Suppose -4*i + 186 = 3*m, 3*i + 4*m - 233 = -2*i. Calculate the greatest common factor of i and 9.
9
Suppose 6*g - 3*g - 12 = 0. Suppose 3*j + m - 99 = 0, m + 37 + 95 = g*j. What is the greatest common divisor of j and 3?
3
Let a be 4 + (-1 - (-1)/(-1)). Suppose s - a*s = -3. Suppose -4*h - 3 + 18 = -5*n, -s*h - 5*n + 20 = 0. What is the greatest common divisor of h and 40?
5
Suppose -f = -2*f + 4*g + 34, -5*g = -5*f + 110. What is the highest common divisor of f and 45?
9
Suppose -y = y - 36. Let p(l) = -33*l - 8. Let g be p(-10). Suppose -4*r + 38 + g = 0. Calculate the highest common divisor of y and r.
18
Let h = 5 - 2. Suppose -h*j + 3 = -6, -2*m - 3*j = -31. Let i = 3 + 19. What is the highest common divisor of i and m?
11
Let w(r) = -4*r - 6. Let t be w(-7). Suppose 5*m + 52 = 3*z, 3*z - t = m - 2*m. Calculate the highest common divisor of z and 36.
9
Let g(p) = -p + 13. Let s be g(7). Calculate the greatest common factor of s and 66.
6
Suppose 2*f = -3*f + 300. Calculate the highest common factor of f and 12.
12
Let b be 1 - (-2 + (-2 - 0)). Suppose -5*i - 2*m + 69 = 0, 2*i - 3*i + 5*m = -30. Calculate the greatest common factor of b and i.
5
Let n be (-4956)/(-63) + (4/3)/(-2). Calculate the greatest common divisor of 52 and n.
26
Suppose -v = o, -4*v + 3*o + 4 = -3. Let r = v + 12. What is the greatest common divisor of r and 117?
13
Let f be 26 - (0 - 0/2). Suppose 0 = -i - 9 + 113. Calculate the greatest common factor of f and i.
26
Let a(h) = -h + 21. Let m be a(15). What is the highest common factor of m and 54?
6
Suppose 25 = 5*w, -2*w + 472 = 2*c - 0*c. Let i be 18 - (-2 - -1) - -2. Calculate the highest common divisor of c and i.
21
Let i(a) = a**3 - 5*a**2 + 6*a - 4. Suppose 8*v - 20 = 3*v. Let w be i(v). Let l = w - -41. What is the highest common factor of l and 18?
9
Let d be (-18)/(-4) + 1/(-2). Suppose j + 1008 = -5*k + d*j, -2*k - 3*j - 420 = 0. Let w be k/(-15) + 2/5. What is the greatest common factor of w and 112?
14
Let c(j) = -j**3 - j**2 + 2. Let u be c(0). Calculate the greatest common factor of 18 and u.
2
Let q = -2 - -155. Suppose 0 = -h - 2*h + 9. Let y be (2/6)/(h/153). What is the greatest common divisor of y and q?
17
Let z(c) = -c**2 - c - 7. Let y be z(0). Let p be 200/(-70)*y/2. Calculate the highest common divisor of 80 and p.
10
Let m(s) = -s**2 - 21*s - 9. Let i be m(-9). What is the greatest common factor of 11 and i?
11
Let y = -15 + 37. Suppose 4*v - y = 18. What is the greatest common factor of 10 and v?
10
Let g(o) = -o**3 + 5*o**2 + 8*o - 7. Let w be g(5). What is the greatest common factor of w and 6?
3
Suppose -14 + 38 = 3*a. Suppose 0 = -608*h + 607*h + 8. What is the greatest common divisor of a and h?
8
Let w(r) = r**2 - 3. Let m be w(-5). What is the greatest common divisor of m and 55?
11
Suppose 0 = 5*r - 13 - 2. Suppose -p + r = -5. What is the highest common factor of p and 16?
8
Suppose -u - 1 = -7. Suppose 0 = 3*s - 4*g - 66, -g + 2*g = -5*s + 87. Calculate the greatest common factor of u and s.
6
Suppose 2*c + 3*c = 360. What is the greatest common factor of 96 and c?
24
Suppose -3*b = 31 + 5. Let i = b + 13. Calculate the highest common factor of i and 9.
1
Let t(h) = 3*h**2 - 2*h - 1. Let d be t(5). Let i = 395 + -379. What is the highest common divisor of i and d?
16
Let x = -4 - -3. Let c(t) = 17*t**2 - 1. Let n be c(x). What is the greatest common divisor of 8 and n?
8
Let u(c) = c**2 - 2*c. Let h be u(2). Suppose h*m + 4 = -m. Let n be m - -1 - (-91 + 0). What is the greatest common divisor of n and 22?
22
Let g(y) = 15*y**3 - 2*y**2 - 2*y. Let q be g(2). Suppose -2*p - q = -4*p. Calculate the highest common factor of p and 6.
6
Let q(t) = 20*t**3 + 2*t - 1. Let z be q(1). What is the highest common factor of 14 and z?
7
Suppose -27 = -s - h, -47 = -s - h - 4*h. Let c = s - 14. What is the highest common factor of 88 and c?
8
Suppose 0 = 2*f - 6*f + 160. What is the greatest common factor of f and 30?
10
Suppose 648 = 4*m + 4*q, 3*m + m + 3*q - 646 = 0. Calculate the greatest common factor of m and 40.
40
Let y be (-21)/(-28) - (-594)/8. Calculate the greatest common factor of y and 3.
3
Let b = 3 + 2. Suppose 3*u - 7*i + 3*i = 76, 5*u - b*i - 120 = 0. What is the greatest common factor of u and 5?
5
Suppose 0 = 11*m + 9*m - 3400. What is the highest common divisor of m and 68?
34
Suppose -20 = 5*x - 80. Let k(f) = f**3 + 8*f**2 - 1. Let w be k(-8). Let j be w/(-3) + (-502)/(-6). Calculate the highest common factor of j and x.
12
Suppose 0 = 3*q + 3 + 3. Let b be -6*q*2/12. Suppo